-3 + -6 + (-3 + 17 - 9)?
3
Evaluate 8 - (16 + -20 - 5).
17
Evaluate 0 + (-34 + 31 - (-1 - -10)).
-12
What is the value of -10 + (12 + -1 - (-24 - -27))?
-2
(-59 - -64) + (-15 - -1)
-9
Evaluate -27 + 13 + 33 + -47.
-28
Evaluate -74 - (-141 + 61) - (-1 - 0 - -29).
-22
What is 3 - ((25 - 30) + 3 + 0 + -7)?
12
What is -30 - (1 - 16 - 33)?
18
Evaluate -8 + -2 + -2 - (-8 - 12 - -17).
-9
Calculate 5 + (-11 + 38 - 1) - 5.
26
Evaluate 18 + -12 + -19 + (-2 - 7).
-22
What is 12 - ((-11 - -24) + -4) - (0 + -14)?
17
Calculate 6 - (-22 + 54 - 29).
3
What is the value of (-3 - (10 - 35)) + (16 - 6)?
32
What is the value of -1 + 7 + (-11 - (-12 - (-11 - 0)))?
-4
What is (-3 - (-13 + 13) - 5) + 7?
-1
What is 3 + 2 + (14 + -2 - 7) + -3?
7
Evaluate -13 + 0 + 0 - (44 - (45 - 7)).
-19
Evaluate 30 + -24 + -4 + -9 + 8.
1
-7 + 13 + -8 - (2 - (4 - -2))
2
Evaluate (-12 + -41 - -44) + 31 + 1.
23
What is (3 - 0 - -3) + -21 + 17 + -3?
-1
9 + 8 + -3 + 6 + (-12 - -1)
9
Evaluate (-4 + 7 + 2 + -8 - -2) + -13.
-14
-1 - (-6 - -5 - (-1 + -3 - 6))
-10
What is 14 - 1 - (20 - (10 + 5))?
8
What is 30 - ((445 - 447) + (-1 - (-1 + -8)))?
24
Calculate -3 - (3 + -20) - (-483 + 506).
-9
What is 18 - 40 - -38 - 9?
7
2 + -4 + 2 + -5 + 26
21
Evaluate -2 + (-9 - (-6 - -9)) - 3.
-17
Evaluate -3 - -1 - -1 - (9 - (11 + -1)).
0
Calculate 2 - (3 + (2 - 12)).
9
Calculate -57 + 54 - (11 - -1).
-15
Calculate -8 - (15 - (-13 - -25) - (0 + -4)).
-15
33 - (26 - (29 - 11))
25
(0 + -3 - (5 - 5)) + 0 + 5
2
20 + 3 + -10 + -7
6
(-68 - -45) + 35 + -40
-28
What is the value of -16 + (-15 - (-12 - 15))?
-4
What is the value of 2 + 37 + (-18 - 4) + 13?
30
What is (8 - (9 - -3) - 15) + 0?
-19
What is the value of -12 - (23 - (77 + -29))?
13
Calculate -14 - (12 - (13 - (-3 - 0))).
-10
Evaluate -6 + (-6 - -13 - (-4 - -18 - 6)).
-7
What is the value of 11 - (0 + -23 + 45)?
-11
What is -30 + 23 - (2 + 0)?
-9
0 + 13 + -2 - -5
16
What is the value of (8 - 6) + -1 + (-7 - -12)?
6
-4 - (-14 + (21 - 14))
3
What is (-11 - (-1 + 0)) + (5 - (-2 + 3))?
-6
Evaluate 4 + 38 + -13 - 17.
12
Calculate 44 - (38 - 32) - 50.
-12
-5 - ((-32 - -33) + (-15 - (-2 - -1)))
8
Evaluate -25 + -1 + (1 - -26) + -14.
-13
Evaluate (-18 - -17) + -17 - -5.
-13
Evaluate 23 - (-6 - -27) - (6 - -1).
-5
What is the value of 2 - 4 - (-1 - 1 - (12 - 4))?
8
Evaluate -1 - (61 - 20) - -9.
-33
-1 + -1 + -4 - (-9 - -17)
-14
10 + 12 + 29 + -27
24
Evaluate -281 + 283 + -18 + 2 + -1.
-15
Calculate -13 + (0 - 3) - (76 - 101).
9
Evaluate -14 - (-18 - 6) - 12.
-2
Calculate -74 - -75 - (5 + 2 + (6 - 17)).
5
Calculate 8 - -6 - -11 - 36.
-11
Calculate -22 + (11 - (0 - 14)).
3
(1 - 8) + -8 + (7 + 10 - 6)
-4
What is -1 - -5 - (16 + -22 + 0)?
10
-6 + 2 + -3 + (-3 - (3 - 3))
-10
-11 + 1 - (-155 - -154)
-9
What is (-2 - (14 + -23)) + -18?
-11
Calculate 9 + (69 + -64 - (6 - (-1 - -2))).
9
Calculate (-40 - -34) + (0 - 1) - 13.
-20
What is 1 + 8 + -6 + (10 - 5)?
8
Evaluate 68 + -19 + -18 - 12.
19
Calculate (2 - -19) + -15 - 16.
-10
What is -6 + (8 + -4 - (1 + 1 + 0))?
-4
What is the value of (-7 + 9 + -6 - -8) + -32 + 34?
6
What is -15 + 2 - (-27 + (-11 - -27) + 13)?
-15
What is the value of 80 + -85 - ((-2 + 5 - 2) + -3)?
-3
(1 - 8) + -1 - -2
-6
What is (-6 - -31 - (-4 - -15)) + -12?
2
Calculate -14 - 26 - -17 - -29.
6
Calculate 2 - (3 - (-10 - -12)).
1
(-40 - -44) + 6 - -2
12
17 - (-2 - (15 + -18)) - 19
-3
What is -10 + 3 + -4 - -16?
5
(20 - 44) + (64 - 12)
28
Evaluate (12 - (16 - 8)) + (-16 - 3).
-15
Calculate 11 - (-5 - (-2 - 2)).
12
What is the value of (0 - 1) + 7 + (-219 - -225)?
12
What is the value of -6 + 9 + -4 + -3 - -5?
1
Calculate 25 + -25 + 10 + (-2 - -2).
10
Evaluate -6 - ((19 - 13) + -4 + -6).
-2
Calculate -2 + (8 - (-4 - -2)) + -99 + 101.
10
What is the value of -11 - (-17 + -5 + 1) - (1 - 1)?
10
-9 + 15 - ((50 - 18) + -18)
-8
3 - -2 - (-29 - -17 - -9)
8
-30 + 1 + (-589 - -605)
-13
What is the value of -42 - 1 - (66 + -98 + 18)?
-29
Evaluate 18 + -9 + -2 - (20 + -1).
-12
What is -8 + (16 - 10 - (-3 + 1)) + -7?
-7
-5 + -5 + -6 + 8 + 3 + 0
-5
Calculate 2 + -3 + 1 + (1 - (-2 + 21)).
-18
What is the value of 0 + 7 + 2 + (-87 - -86)?
8
What is -8 + -17 + 17 + (4 - -1) + -4?
-7
Evaluate -4 + 11 + -7 + -15 + -6 + 6.
-15
Evaluate (2 + -5 - -2) + 15 - (-20 - -21).
13
What is (5 - -1) + -24 - (69 - 75)?
-12
Calculate -14 + 1 + -16 + 7 + 8.
-14
Calculate 3 + 5 - (-7 - -29).
-14
Calculate (11 + -28 - -17) + -11 + 4 + -1.
-8
What is the value of 1 + 25 - (16 + 20 - 28)?
18
What is 1 - (10 - -6 - 18)?
3
(0 - -3) + (-6 - (40 - 30))
-13
Evaluate (-18 - -26) + (-1 + -9 - -2) - -10.
10
What is the value of (23 - (20 + 1)) + -7?
-5
What is -2 - (19 - 3) - -12?
-6
What is 3 + (16 + -26 - 8)?
-15
What is the value of -15 - -14 - (-11 + 8)?
2
(3 - 6) + 5 - (-60 - -48)
14
Calculate -5 - (8 - 18) - -5.
10
Evaluate -15 - -6 - (-14 + (3 - 4)) - -19.
25
0 + 5 + -13 + 3
-5
Calculate 10 + (1 - 2) + -4 - 1.
4
(-3 - 0) + (11 + -1 - (3 + -7))
11
Evaluate 6 - 21 - -17 - (0 + 6).
-4
Calculate (24 + -23 - 14) + (20 - 0).
7
Evaluate -13 + 1 + (8 - -6).
2
Evaluate -1 - 6 - (-9 - -68 - 49).
-17
16 - 1 - (-2 + -6 + 12)
11
Calculate -27 + (0 - 1 - ((4 - -23) + -25)).
-30
What is (-13 - -3) + 29 + -13?
6
What is the value of 3 + (-16 - -2) - -1?
-10
Calculate -2 + 7 + (7 - (-17 + 0)).
29
What is -3 + 4 - (1 - (0 + 0 + -2))?
-2
What is the value of -19 - (38 + -36) - (1 - -10)?
-32
Calculate 3 - (-6 + 24) - -11.
-4
Evaluate 2 + -16 + (-5 - -20) + 20.
21
What is -17 + (-5 - -11 - (3 + (-2 - 0)))?
-12
52 + (-13 - (-10 + (-8 - -24)))
33
What is 6 - (8 + 5 + -8 + -7 + 1)?
7
-4 + (-13 + -3 + 6 - (78 + -67))
-25
What is (-15 - (10 - 2 - 17)) + -4 + 12?
2
Calculate 8 + 3 + (6 - (0 + (0 - -1))).
16
What is the value of (371 - 375) + (-24 - 2)?
-30
Evaluate 5 - 2 - ((-3 - -8) + 2 - 13).
9
Calculate 2 + -10 + (-9 + 5 - -6).
-6
What is the value of (-4 - (-10 - 0)) + 9 - 9?
6
What is 13 + -28 + -8 + 12?
-11
Evaluate (27 - -2 - (-51 + 47)) + -8.
25
Calculate (-15 + -1 - -4 - 1) + 12.
-1
Evaluate 12 + -2 + -10 + 2.
2
Calculate 60 + -68 + 30 + -11.
11
(1 - -18) + (41 - 71)
-11
Calculate 6 - (0 - (-9 + 11)).
8
What is -6 - (28 - 19 - (-3 - (-10 + 2)))?
-10
Evaluate -9 - 1 - (60 - 74).
4
What is -13 + -1 - (-9 + -11 + -9 + 26)?
-11
What is 2 + -4 + -5 + 3 + 8 - -5?
9
What is the value of 6 - (1 + 4 + (-1 - 5))?
7
3 + -5 + 4 + (8 - -2 - 4)
8
Calculate -20 + -11 + 12 - (-5 + 10 - 14).
-10
Calculate 4 - (-11 - (1 + -12 - -8)).
12
Calculate -23 - (2 + -11) - -19 - (9 + -1).
-3
What is the value of (6 + (0 - 3) - (14 + -3)) + 0?
-8
What is the value of (-27 + 23 - 16) + -1?
-21
(165 - 154) + (-4 - -2) + 1
10
Evaluate 0 + -26 - (3 - (7 + -8 + 13)).
-17
-33 + 4 - -16 - (0 - -5)
-18
Evaluate 0 - (2 + -1) - (-35 - -12) - 0.
22
What is the value of -16 - (-2 - ((0 - -7) + -38 + 19))?
-26
(2 - (-1 + 9)) + (62 - (4 + 35))
17
(-9 - -1) + (34 - (30 + 10))
-14
What is 22 - (24 + 10 - 23)?
11
What is the value of 0 - 10 - (-46 - -37) - 6?
-7
(-13 - 46) + 52 + (-15 - 0)
-22
Calculate (19 - 3) + (-136 - -120).
0
-47 + 44 + -5 + 0 + -2 + 3
-7
What is -5 - ((-3 + -10 - (-6 + 3)) + 0)?
5
What is the value of 10 - ((25 - 18) + 16 + -11)?
-2
What is the value of (-2 - 6) + -25 + 34 + -13?
-12
What is the value of 8 + 0 + -11 - -4 - (-1 + -2)?
4
Calculate 2 + 6 + 2 - (10 + 0).
0
What is -19 + -2 - -2 - (-42 - -34)?
-11
What is -3 + 2 - (-27 - -36) - -5?
-5
Calculate (2 - 1 - 4) + (-9 - -3).
-9
What is (4 - 1) + 1 + 6 + -1 + -2?
7
Evaluate 10 + 7 + -27 + 8.
-2
Evaluate -16 - (-4 + 4 + -15).
-1
Calculate (1 - 2) + -6 + 760 + -785.
-32
What is the value of 5 + 16 + -9 + 1 + -5?
8
Calculate (11 - 11) + 6 - (10 - (11 - -3)).
10
What is -42 + 77 - (18 + -6)?
23
Calculate 10 + 0 + 6 + 24 + -56.
-16
Evaluate 30 + (-69 - -48) + 3 + 0 + 0.
12
What is the value of (-1 + -9 - -5) + 1 + (-2 - -2)?
-4
What is the value of 1 + -14 + (27 - 26) + (-1 - -3)?
-10
What is 2 - 2 - (7 - (-7 - -21) - 3)?
10
8 - -1 - (-4 + 0 - -4) - -3
12
Calculate (-2 - 14) + -24 + -2 + 8.
-34
Calculate -7 - -1 - (22 + -94 + 28 - -23).
15
(-48 - (66 - 112)) + -12 + -1 + 0
-15
What is the value of 11 + -11 - (-2 + (-11 - 2))?
15
6 - (0 - (8 + -5))
9
What is the value of (12 - (53 - 27)) + (-2 - (-4 + 0))?
-12
What is the value of 16 + (10 - (3 - 0 - -11))?
12
What is the va